e prime factors of 300581.
300581
What are the prime factors of 115595?
5, 61, 379
List the prime factors of 205864.
2, 25733
What are the prime factors of 311245?
5, 11, 5659
List the prime factors of 524428.
2, 43, 3049
List the prime factors of 3551813.
3551813
List the prime factors of 10694294.
2, 13, 239, 1721
List the prime factors of 162651.
3, 54217
What are the prime factors of 550440?
2, 3, 5, 11, 139
List the prime factors of 5080494.
2, 3, 846749
What are the prime factors of 117665?
5, 101, 233
What are the prime factors of 778112?
2, 6079
List the prime factors of 655779.
3, 79, 2767
List the prime factors of 215499.
3, 29, 2477
What are the prime factors of 781110?
2, 3, 5, 11, 263
What are the prime factors of 5824753?
11, 53, 97, 103
List the prime factors of 11949647.
659, 18133
List the prime factors of 345331.
7, 49333
What are the prime factors of 795233?
795233
List the prime factors of 106502.
2, 11, 47, 103
List the prime factors of 1487877.
3, 495959
List the prime factors of 1469820.
2, 3, 5, 11, 17, 131
List the prime factors of 8309.
7, 1187
What are the prime factors of 388660?
2, 5, 19433
List the prime factors of 78682.
2, 39341
What are the prime factors of 2504595?
3, 5, 166973
List the prime factors of 156717.
3, 11, 1583
List the prime factors of 3020206.
2, 7, 31, 6959
What are the prime factors of 378013?
43, 59, 149
What are the prime factors of 3480387?
3, 1160129
What are the prime factors of 18831422?
2, 67, 140533
What are the prime factors of 144174?
2, 3, 24029
List the prime factors of 296652.
2, 3, 59, 419
List the prime factors of 2331852.
2, 3, 317, 613
List the prime factors of 1763900.
2, 5, 31, 569
List the prime factors of 3501485.
5, 13, 103, 523
List the prime factors of 332764.
2, 23, 3617
What are the prime factors of 8674953?
3, 7, 413093
What are the prime factors of 37173756?
2, 3, 3097813
What are the prime factors of 466839?
3, 51871
What are the prime factors of 1947677?
271, 7187
What are the prime factors of 16796880?
2, 3, 5, 41, 569
What are the prime factors of 16046623?
17, 31, 30449
What are the prime factors of 256596?
2, 3, 21383
List the prime factors of 5715176.
2, 79, 9043
What are the prime factors of 528630?
2, 3, 5, 67, 263
List the prime factors of 1820908.
2, 455227
List the prime factors of 37889308.
2, 1373, 6899
List the prime factors of 1725483.
3, 17, 23, 1471
List the prime factors of 18555919.
43, 431533
What are the prime factors of 2679948?
2, 3, 17, 29, 151
What are the prime factors of 7196212?
2, 19, 94687
List the prime factors of 2027178.
2, 3, 112621
List the prime factors of 189363.
3, 17, 47, 79
What are the prime factors of 1785381?
3, 13, 45779
What are the prime factors of 34023560?
2, 5, 739, 1151
What are the prime factors of 892926?
2, 3, 113, 439
List the prime factors of 336948.
2, 3, 43, 653
What are the prime factors of 117999?
3, 7, 1873
What are the prime factors of 2566687?
2566687
List the prime factors of 396455.
5, 37, 2143
What are the prime factors of 31292031?
3, 19, 239, 2297
What are the prime factors of 1038081?
3, 11, 83, 379
What are the prime factors of 190409?
190409
What are the prime factors of 151346?
2, 13, 5821
List the prime factors of 3831546.
2, 3, 199, 3209
List the prime factors of 221766.
2, 3, 23, 1607
List the prime factors of 440920.
2, 5, 73, 151
List the prime factors of 561021.
3, 43, 4349
What are the prime factors of 135941?
13, 10457
List the prime factors of 37246.
2, 11, 1693
What are the prime factors of 437752?
2, 7, 7817
List the prime factors of 264840.
2, 3, 5, 2207
List the prime factors of 9020492.
2, 13, 41, 4231
What are the prime factors of 75456?
2, 3, 131
List the prime factors of 1392006.
2, 3, 7, 11, 23, 131
What are the prime factors of 455807?
11, 3767
What are the prime factors of 111395?
5, 22279
List the prime factors of 22006.
2, 11003
List the prime factors of 1665955.
5, 67, 4973
List the prime factors of 520510.
2, 5, 52051
List the prime factors of 5275591.
1117, 4723
What are the prime factors of 218007?
3, 24223
What are the prime factors of 1773606?
2, 3, 295601
List the prime factors of 2175902.
2, 541, 2011
What are the prime factors of 7548997?
1621, 4657
What are the prime factors of 1019987?
83, 12289
List the prime factors of 721282.
2, 43, 8387
What are the prime factors of 201578?
2, 13, 7753
List the prime factors of 1359505.
5, 7, 31, 179
What are the prime factors of 31221049?
41, 761489
What are the prime factors of 1526812?
2, 7, 31, 1759
What are the prime factors of 9983543?
9983543
List the prime factors of 3995532.
2, 3, 41, 2707
List the prime factors of 23361.
3, 13, 599
What are the prime factors of 2807412?
2, 3, 37, 6323
What are the prime factors of 2720501?
7, 47, 8269
What are the prime factors of 2188551?
3, 479, 1523
What are the prime factors of 125513?
313, 401
What are the prime factors of 515186?
2, 7, 751
List the prime factors of 115827.
3, 38609
What are the prime factors of 5873051?
29, 202519
List the prime factors of 1440772.
2, 360193
What are the prime factors of 14307873?
3, 4769291
List the prime factors of 3114135.
3, 5, 69203
What are the prime factors of 352311?
3, 117437
What are the prime factors of 129452?
2, 32363
What are the prime factors of 34625031?
3, 7, 1648811
What are the prime factors of 145650?
2, 3, 5, 971
What are the prime factors of 524236?
2, 131059
What are the prime factors of 159745?
5, 43, 743
What are the prime factors of 34053781?
373, 91297
What are the prime factors of 132062?
2, 7, 9433
List the prime factors of 241668.
2, 3, 7, 137
What are the prime factors of 2053037?
7, 31, 9461
What are the prime factors of 2801177?
311, 9007
What are the prime factors of 8749623?
3, 1459, 1999
List the prime factors of 8078601.
3, 1447, 1861
List the prime factors of 1004663.
11, 19, 23
What are the prime factors of 2489993?
11, 53, 4271
What are the prime factors of 26992891?
373, 72367
What are the prime factors of 3465340?
2, 5, 173267
What are the prime factors of 4457165?
5, 43, 20731
What are the prime factors of 135757?
135757
What are the prime factors of 463679?
463679
What are the prime factors of 302874?
2, 3, 11, 13, 353
List the prime factors of 1432793.
1193, 1201
List the prime factors of 33000594.
2, 3, 11, 500009
List the prime factors of 360714.
2, 3, 79, 761
List the prime factors of 1087051.
7, 83, 1871
List the prime factors of 8085113.
29, 83, 3359
List the prime factors of 3666364.
2, 13, 70507
List the prime factors of 5167512.
2, 3, 7, 10253
List the prime factors of 29460098.
2, 14730049
List the prime factors of 2480139.
3, 67, 457
What are the prime factors of 25027235?
5, 199, 25153
What are the prime factors of 1803345?
3, 5, 120223
List the prime factors of 4086055.
5, 817211
List the prime factors of 4028256.
2, 3, 71, 197
What are the prime factors of 7740748?
2, 1031, 1877
What are the prime factors of 13100611?
139, 307
List the prime factors of 8439407.
263, 32089
What are the prime factors of 181558?
2, 13, 6983
What are the prime factors of 1156889?
31, 67, 557
What are the prime factors of 97986?
2, 3, 7, 2333
What are the prime factors of 186137?
7, 26591
What are the prime factors of 1018910?
2, 5, 101891
What are the prime factors of 4168592?
2, 43, 73, 83
What are the prime factors of 177184?
2, 7, 113
List the prime factors of 3016384.
2, 7, 6733
What are the prime factors of 1005456?
2, 3, 20947
List the prime factors of 1652821.
1652821
List the prime factors of 14353557.
3, 139, 34421
List the prime factors of 787183.
31, 67, 379
List the prime factors of 21017.
21017
List the prime factors of 1135522.
2, 567761
What are the prime factors of 1929006?
2, 3, 31, 3457
What are the prime factors of 544254?
2, 3, 90709
List the prime factors of 2803288.
2, 350411
What are the prime factors of 7363918?
2, 173, 21283
What are the prime factors of 9305247?
3, 7, 9043
What are the prime factors of 130154?
2, 59, 1103
List the prime factors of 243836.
2, 47, 1297
What are the prime factors of 1784560?
2, 5, 22307
List the prime factors of 12968684.
2, 29, 111799
What are the prime factors of 2933980?
2, 5, 7, 19, 1103
List the prime factors of 1288120.
2, 5, 32203
What are 